= 5*t**2 - 62*t + 46. Calculate c(11).
-31
Let o(z) = 6*z**2 + 10*z - 73. Calculate o(4).
63
Let g(z) = 11*z**2 + 70*z + 23. Determine g(-6).
-1
Let l(g) = g**3 + 6*g**2 + 7*g - 4. Determine l(-2).
-2
Let f(h) = 9*h - 127. Determine f(9).
-46
Let u(f) = -f**3 + 17*f**2 - 16*f - 55. Determine u(16).
-55
Let m(g) = -549*g - 5. Determine m(0).
-5
Let x(s) = 2*s**3 + s**2 + 4*s + 4. Give x(-4).
-124
Let p(h) = -h**2 + 44*h + 140. Determine p(50).
-160
Let q(z) = 4*z**3 + 2*z**2 + 6*z - 4. What is q(3)?
140
Let k(s) = -70*s**2 + 138*s + 13. What is k(2)?
9
Let k(i) = i**2 + 84*i - 1411. Determine k(14).
-39
Let a(c) = 3*c**3 + 15*c**2 - 14*c - 51. What is a(-5)?
19
Let k(d) = -24*d**3 + 6*d**2 + 135*d + 128. Calculate k(-1).
23
Let n(j) = -77*j - 640. Give n(-13).
361
Let u(j) = -27*j**2 + 26*j - 85. What is u(4)?
-413
Let z(d) = 8*d**3 + 22*d**2 - 9*d - 34. What is z(-3)?
-25
Let w(a) = 66*a - 18. Determine w(-3).
-216
Let f(x) = 3*x**3 - 14*x**2 + 27*x - 35. Give f(4).
41
Let o(t) = -t**3 + 7*t**2 + 74*t + 35. Determine o(13).
-17
Let x(y) = 190*y + 251. Calculate x(-2).
-129
Let x(s) = s**3 + 3*s**2 - 69*s - 20. What is x(7)?
-13
Let i(j) = -7*j**2 - 1. Give i(-1).
-8
Let p(h) = -10*h + 609. Calculate p(41).
199
Let b(m) = -14*m**2 + 164*m + 938. Give b(16).
-22
Let p(u) = u**3 + 33*u**2 + 43*u + 353. Determine p(-32).
1
Let f(z) = -z**2 - 262*z - 9417. Determine f(-43).
0
Let s(k) = -7*k**3 + 24*k**2 - 19*k + 29. Calculate s(3).
-1
Let f(s) = 147*s - 1830. Calculate f(12).
-66
Let s(i) = 3*i**2 - 5875*i - 5877. What is s(-1)?
1
Let k(b) = -41*b + 608. Determine k(15).
-7
Let s(p) = -p**3 + 40*p**2 + 52*p - 394. Give s(41).
57
Let h(o) = -o**3 - 22*o**2 - 28*o - 588. Calculate h(-22).
28
Let r(q) = -95*q**2 + 995*q - 1253. Give r(9).
7
Let b(t) = -9*t + 415. What is b(64)?
-161
Let a(u) = -509*u + 57516. What is a(113)?
-1
Let w(j) = 2*j**3 - 311*j**2 + 167*j - 1836. Give w(155).
24
Let b(g) = 3*g**2 - 6273*g - 12551. Give b(-2).
7
Let v(z) = -86*z - 205. What is v(-3)?
53
Let r(w) = -138*w - 397. What is r(-4)?
155
Let m(a) = -a**3 + 4*a**2 + 36*a + 116. What is m(9)?
35
Let z(o) = -2*o**2 + 22*o - 17. Determine z(13).
-69
Let t(w) = -3*w**3 + 14*w**2 - 8*w + 61. Calculate t(6).
-131
Let q(w) = -38*w + 569. What is q(15)?
-1
Let h(y) = y**2 + 22*y + 173. Determine h(-19).
116
Let l(r) = 154*r + 4151. Give l(-27).
-7
Let v(n) = -11308*n - 67864. Calculate v(-6).
-16
Let g(q) = -q**2 - 20*q + 771. Determine g(19).
30
Let g(q) = 10*q**2 + 99*q + 162. Give g(-8).
10
Let k(p) = 430*p - 9867. Determine k(23).
23
Let l(b) = -b**2 + 75*b - 728. Determine l(64).
-24
Let i(a) = a**3 - 27*a**2 - 3*a + 118. Determine i(27).
37
Let n(u) = -u**3 - 21*u**2 + 123*u + 51. Calculate n(-26).
233
Let w(o) = -69*o + 1004. What is w(15)?
-31
Let w(k) = -61*k**2 - 4*k + 3. Determine w(1).
-62
Let q(h) = 4*h**2 + 51*h + 17. Give q(-13).
30
Let k(w) = 6*w**2 + 12*w + 7. Give k(-2).
7
Let r(c) = c**2 - 1762*c + 159941. Calculate r(96).
5
Let n(m) = -3*m + 15. What is n(40)?
-105
Let p(g) = -g**3 + 68*g**2 - 314*g - 66. What is p(63)?
-3
Let g(a) = 7544*a - 45253. Determine g(6).
11
Let p(l) = -5*l + 105. Calculate p(-6).
135
Let s(h) = 22*h**2 - 380*h - 9. What is s(18)?
279
Let j(c) = 33*c + 2047. Calculate j(-62).
1
Let f(u) = 2*u**2 - 211*u - 72. Give f(106).
34
Let j(v) = v**3 + 13*v**2 - 4*v - 68. Give j(-13).
-16
Let n(v) = -54*v + 287. Determine n(4).
71
Let x(f) = -32*f - 260. Determine x(-11).
92
Let x(s) = s**3 + 27*s**2 + 17*s + 461. What is x(-27)?
2
Let g(w) = 202*w**2 + 1238*w + 162. Determine g(-6).
6
Let l(c) = c**3 - c**2 + c + 9. Give l(2).
15
Let b(d) = -3*d**3 - 18*d**2 - 96*d - 391. Determine b(-5).
14
Let d(i) = 3*i**2 - 55*i + 223. Give d(6).
1
Let s(g) = 10*g**3 - 6*g**2 + 5*g + 50. Determine s(3).
281
Let s(q) = q**3 + 12*q**2 + 14*q - 25. Give s(-9).
92
Let n(z) = z**3 + 12*z**2 + 6*z - 87. Determine n(-9).
102
Let t(d) = -5*d**2 - d + 192. What is t(7)?
-60
Let m(z) = -z**3 + 17*z**2 - 59*z + 437. Determine m(15).
2
Let k(c) = c**3 - 10*c**2 - 27*c + 43. What is k(9)?
-281
Let p(d) = 6*d**2 + 396*d - 1677. Calculate p(4).
3
Let g(b) = -3*b**2 - 10*b + 545. What is g(-15)?
20
Let c(d) = d**3 + 21*d**2 + 58*d - 33. What is c(-4)?
7
Let w(a) = -3*a**3 + 41*a**2 + 87*a + 4. Give w(-2).
18
Let m(w) = 155*w + 629. Give m(-4).
9
Let v(m) = -m**2 + 13*m + 80. Calculate v(-5).
-10
Let t(u) = 54*u + 3390. Calculate t(-63).
-12
Let y(w) = -w**2 + 41*w - 51. Calculate y(6).
159
Let a(t) = 7*t + 565. Give a(-76).
33
Let v(t) = -210*t - 642. What is v(-3)?
-12
Let y(q) = -15*q**2 + 89*q - 249. Calculate y(3).
-117
Let w(d) = -729*d**3 - 2*d**2 - 4*d + 5. What is w(1)?
-730
Let o(c) = -6*c**2 + 853*c - 2558. Give o(3).
-53
Let a(m) = -17*m**2 + 227*m - 233. What is a(1)?
-23
Let y(t) = 5*t**2 + 7*t + 19. What is y(-4)?
71
Let u(r) = r - 67. Calculate u(-32).
-99
Let k(g) = -g**3 - 17*g**2 - 13*g - 65. Determine k(-17).
156
Let z(y) = y**3 + 7*y**2 - 285*y - 2213. Determine z(-8).
3
Let a(b) = b**2 - 53*b + 680. Calculate a(28).
-20
Let t(k) = -k**3 + 7*k**2 + 68*k - 380. Calculate t(10).
0
Let d(w) = w**2 + 51*w - 175. What is d(-55)?
45
Let b(t) = -38*t + 695. Calculate b(18).
11
Let y(l) = 3*l**3 - 34*l**2 + 79*l + 8. Give y(5).
-72
Let x(f) = 2*f**3 - 80*f**2 + 555*f + 29. Give x(9).
2
Let f(k) = k**2 + 38*k - 15. Calculate f(-11).
-312
Let y(v) = 1201*v + 42041. What is y(-35)?
6
Let x(b) = -b**3 - 32*b**2 + 76*b + 194. Calculate x(-34).
-78
Let o(i) = 3*i**3 - 6*i**2 - 2*i + 11. Determine o(2).
7
Let j(t) = -66*t - 2515. Determine j(-38).
-7
Let a(i) = 2*i**3 - 16*i**2 + 32*i - 7. Calculate a(3).
-1
Let h(g) = -816*g + 13858. Calculate h(17).
-14
Let m(k) = 42*k + 6738. Give m(-160).
18
Let g(f) = f**2 - 11*f - 9. What is g(0)?
-9
Let m(g) = -g**3 - 13*g**2 - 13*g - 14. Give m(-9).
-221
Let q(o) = 2*o**3 - 8*o**2 - 3*o - 13. Determine q(5).
22
Let g(x) = -x**3 - 4*x**2 - 12*x - 94. What is g(-5)?
-9
Let w(i) = -340*i + 1408. Give w(4).
48
Let i(n) = n**2 + 58*n - 303. What is i(5)?
12
Let m(n) = 3*n + 16. What is m(-11)?
-17
Let x(f) = -3*f**3 + 57*f**2 + 2*f - 7. Determine x(19).
31
Let n(w) = w**3 + 166*w**2 + 1704*w - 16. What is n(-11)?
-5
Let p(g) = -2*g**2 + 27*g + 411. Give p(-9).
6
Let i(f) = -27*f - 169. Give i(-11).
128
Let c(t) = 79*t**3 + 1579*t**2 - 23*t + 11. Give c(-20).
71
Let y(w) = -104*w + 2485. What is y(24)?
-11
Let v(n) = 2612*n - 5225. Determine v(2).
-1
Let r(t) = t**2 + 18*t + 48. Determine r(-3).
3
Let l(i) = 208*i + 50761. What is l(-244)?
9
Let s(j) = -j**2 + 21*j + 64. Determine s(25).
-36
Let p(a) = -a**3 + a**2 + 251*a - 615. Give p(15).
0
Let q(v) = v**3 + 7*v**2 - 9*v - 12. Determine q(-7).
51
Let n(b) = -5*b - 30. Determine n(9).
-75
Let w(a) = 16*a - 705. What is w(45)?
15
Let j(u) = -1418*u - 1410. What is j(-1)?
8
Let j(i) = 17*i**3 - i**2 + 4*i - 3. What is j(1)?
17
Let g(v) = v**2 + 58*v - 312. Give g(5).
3
Let m(k) = 2*k**3 - 335*k**2 + 1457*k + 1645. Calculate m(163).
15
Let x(q) = 4*q**2 - 83*q + 169. Determine x(2).
19
Let s(b) = 14344*b + 200824. Calculate s(-14).
8
Let z(f) = -f**3 - 7*f**2 + 142*f + 1110. Calculate z(-9).
-6
Let x(a) = 29*a**2 - 3*a - 19. Calculate x(-2).
103
Let d(k) = k**3 - 8*k**2 - 9*k + 34. What is d(8)?
-38
Let i(z) = -19*z**2 - 1275*z - 140. Calculate i(-67).
-6
Let a(m) = 6*m - 146. Calculate a(13).
-68
Let t(o) = o**3 + 10*o**2 + 7*o - 129. Determine t(-6).
-27
Let w(u) = u**2 + 25*u + 63. Determine w(-3).
-3
Let u(y) = -y**3 + 19*y**2 - 84*y - 23. Calculate u(12).
-23
Let j(y) = -24*y**3 - 11*y**2 + 28*y - 18. What is j(1)?
-25
Let t(b) = -250*b + 8491. What is t(34)?
-9
Let v(k) = 14*k**2 - 25*k + 67. Determine v(5).
292
Let a(v) = 5*v**2 - 563*v - 230. Calculate a(113).
-4
Let k(i) = -5*i - 194. Calculate k(12).
-254
Let d(s) = s**2 - 93*s - 3840. What is d(-31)?
4
Let p(d) = 8*d**2 - 12*d - 9. Give p(2).
-1
Let m(f) = -98*f**2 + 6567*f - 27. Give m(67).
40
Let x(q) = 4*q**2 - 62*q + 233. Calculate x(8).
-7
Let j(h) = h**3 + 57*h**2 + 68*h + 718. Calculate j(-56).
46
Let z(t) = t**2 + 182*t + 6443. Give z(-48).
11
Let k(b) = b**2 - 210*b + 1238. Determine k(6).
14
Let r(m) = 8*m**3 + 529*m**2 + 66*m - 1. Give r(-66).
-1
Let y(p) = -461*p - 16131. Determine y(-35).
4
Let k(m)